{"id":2505,"date":"2019-04-09T12:34:02","date_gmt":"2019-04-09T10:34:02","guid":{"rendered":"https:\/\/www.exte.de\/schalungszubehoer\/?page_id=2505"},"modified":"2025-07-03T08:57:59","modified_gmt":"2025-07-03T06:57:59","slug":"impressum","status":"publish","type":"page","link":"https:\/\/www.exte.de\/schalungszubehoer\/impressum\/","title":{"rendered":"Impressum"},"content":{"rendered":"\t\t<div data-elementor-type=\"wp-post\" data-elementor-id=\"2505\" class=\"elementor elementor-2505\">\n\t\t\t\t\t\t<section class=\"elementor-section elementor-top-section elementor-element elementor-element-12c4eea3 elementor-section-height-min-height elementor-section-boxed elementor-section-height-default elementor-section-items-middle\" data-id=\"12c4eea3\" data-element_type=\"section\" data-e-type=\"section\" data-settings=\"{&quot;background_background&quot;:&quot;classic&quot;}\">\n\t\t\t\t\t\t\t<div class=\"elementor-background-overlay\"><\/div>\n\t\t\t\t\t\t\t<div class=\"elementor-container elementor-column-gap-default\">\n\t\t\t\t\t<div class=\"elementor-column elementor-col-100 elementor-top-column elementor-element elementor-element-63d5e51a\" data-id=\"63d5e51a\" data-element_type=\"column\" data-e-type=\"column\" data-settings=\"{&quot;background_background&quot;:&quot;classic&quot;}\">\n\t\t\t<div class=\"elementor-widget-wrap elementor-element-populated\">\n\t\t\t\t\t\t<div class=\"elementor-element elementor-element-5db1545c elementor-widget-divider--view-line elementor-invisible elementor-widget elementor-widget-divider\" data-id=\"5db1545c\" data-element_type=\"widget\" data-e-type=\"widget\" data-settings=\"{&quot;_animation&quot;:&quot;fadeInLeft&quot;,&quot;_animation_delay&quot;:0}\" data-widget_type=\"divider.default\">\n\t\t\t\t<div class=\"elementor-widget-container\">\n\t\t\t\t\t\t\t<div class=\"elementor-divider\">\n\t\t\t<span class=\"elementor-divider-separator\">\n\t\t\t\t\t\t<\/span>\n\t\t<\/div>\n\t\t\t\t\t\t<\/div>\n\t\t\t\t<\/div>\n\t\t\t\t<div class=\"elementor-element elementor-element-62b7ed24 elementor-invisible elementor-widget elementor-widget-html\" data-id=\"62b7ed24\" data-element_type=\"widget\" data-e-type=\"widget\" data-settings=\"{&quot;_animation&quot;:&quot;fadeInRight&quot;,&quot;_animation_delay&quot;:0}\" data-widget_type=\"html.default\">\n\t\t\t\t<div class=\"elementor-widget-container\">\n\t\t\t\t\t<div class=\"startseiten-header\">\n<h1>Impressum<\/h1>\n\n<\/div>\t\t\t\t<\/div>\n\t\t\t\t<\/div>\n\t\t\t\t\t<\/div>\n\t\t<\/div>\n\t\t\t\t\t<\/div>\n\t\t<\/section>\n\t\t\t\t<section class=\"elementor-section elementor-top-section elementor-element elementor-element-44e6226 elementor-section-boxed elementor-section-height-default elementor-section-height-default\" data-id=\"44e6226\" data-element_type=\"section\" data-e-type=\"section\">\n\t\t\t\t\t\t<div class=\"elementor-container elementor-column-gap-default\">\n\t\t\t\t\t<div class=\"elementor-column elementor-col-100 elementor-top-column elementor-element elementor-element-ade2c63\" data-id=\"ade2c63\" data-element_type=\"column\" data-e-type=\"column\">\n\t\t\t<div class=\"elementor-widget-wrap elementor-element-populated\">\n\t\t\t\t\t\t<div class=\"elementor-element elementor-element-9f40f6a elementor-widget elementor-widget-text-editor\" data-id=\"9f40f6a\" data-element_type=\"widget\" data-e-type=\"widget\" data-widget_type=\"text-editor.default\">\n\t\t\t\t<div class=\"elementor-widget-container\">\n\t\t\t\t\t\t\t\t\t<p><strong>EXTE GmbH<\/strong><br \/><strong>Industriestra\u00dfe 3<\/strong><br \/><strong>06429 Nienburg (Saale)<\/strong><\/p><p>Vertretungsberechtigte Gesch\u00e4ftsf\u00fchrer:<br \/>Herr Dan Friedl \/ Herr Markus Giese<\/p><p>Telefon: +49 \/3 47 21\/ 401 &#8211; 0<br \/>Telefax: +49 \/3 47 21\/ 401 &#8211; 99<br \/>E-Mail: <a href=\"mailto:info@exte.de\">info@exte.de<\/a><\/p><p>Registergericht: Amtsgericht Stendal<br \/>Registernummer: HRB 22 238<br \/>Umsatzsteuer-Identifikationsnummer: DE 815579518<\/p><p>Steuernummer: 116\/105\/10371<\/p><p>Webdesign &amp; Programmierung:<br \/><a href=\"https:\/\/hal-media.com\/\" target=\"_blank\" rel=\"noopener\">HAL Media<\/a><br \/>Tel.: +49 345 21 38 90 500<br \/>E-Mail: <a href=\"mailto:info@hal-media.com\">info@hal-media.com<\/a><\/p><p>Das Layout der Website, die verwendeten Grafiken und Bilder sind urheberrechtlich gesch\u00fctzt.<\/p><p>Bildnachweis: EXTE GmbH, AdobeStock<\/p><h3><strong>Hinweispflicht nach \u00a736 VSBG (Verbraucherstreitbeilegungsgesetz)<\/strong><\/h3><p>Wir sind zur Teilnahme an einem Streitbeteiligungsverfahren vor einer Verbraucherschlichtungsstelle nicht verpflichtet und nicht bereit.<\/p><h2><strong>Haftungsausschluss<\/strong><\/h2><p>(im folgenden wird der gesamte Onlineauftritt der Exte GmbH als Website bezeichnet)<\/p><p>1. F\u00fcr den Inhalt der Website ist ausschlie\u00dflich der Redakteur verantwortlich. Er \u00fcbernimmt keinerlei Haftung f\u00fcr die Aktualit\u00e4t, Qualit\u00e4t und Korrektheit der in der Website angebotenen Informationen. Die Redaktion beh\u00e4lt sich vor, jederzeit \u00c4nderungen an der Website vorzunehmen bzw. die Website zweitweise oder endg\u00fcltig einzustellen.<\/p><p>2. Sofern die Website Links zu externen Internetseiten enth\u00e4lt, die dem Nutzer der Website zum gef\u00e4lligen Gebrauch zur Verf\u00fcgung gestellt werden, \u00fcbernimmt die Redaktion keinerlei Haftung f\u00fcr den Inhalt auf diesen Seiten und distanziert sich ausdr\u00fccklich davon. Desweiteren stellt die Bereitstellung dieser Links keine Billigung des Inhalts auf den genannten Seiten dar. Entscheiden Sie sich f\u00fcr den Zugriff auf die Websites der externen Links , so tun Sie dies auf eigene Verantwortung. F\u00fcr Darstellung der Website sowie deren inhaltliche und rechtliche Korrektheit haftet allein der Anbieter dieser Seiten.<\/p><p>Die oben dargestellte vollst\u00e4ndige Distanzierung von den Inhalten der Websites der angef\u00fchrten externen Links wird rechtlich gest\u00fctzt durch das Urteil des Landesgerichtes (LG) Hamburg vom 12. Mai 1998 O 85\/98 &#8220; Haftung f\u00fcr Links &#8222;.<br \/>Das Landgericht hat entschieden , da\u00df man durch die Anbringung eines Links die Inhalte der gelinkten Seite ggf. mit zu verantworten hat. Dies kann, nach Meinung der Richter nur dadurch verhindert werden, da\u00df man sich ausdr\u00fccklich von diesen Seiten distanziert.<\/p>\t\t\t\t\t\t\t\t<\/div>\n\t\t\t\t<\/div>\n\t\t\t\t\t<\/div>\n\t\t<\/div>\n\t\t\t\t\t<\/div>\n\t\t<\/section>\n\t\t\t\t<\/div>\n\t\t","protected":false},"excerpt":{"rendered":"<p>Impressum EXTE GmbHIndustriestra\u00dfe 306429 Nienburg (Saale) Vertretungsberechtigte Gesch\u00e4ftsf\u00fchrer:Herr Dan Friedl \/ Herr Markus Giese Telefon: +49 \/3 47 21\/ 401 &#8211; 0Telefax: +49 \/3 47 21\/ 401 &#8211; 99E-Mail: info@exte.de Registergericht: Amtsgericht StendalRegisternummer: HRB 22 238Umsatzsteuer-Identifikationsnummer: DE 815579518 Steuernummer: 116\/105\/10371 Webdesign &amp; Programmierung:HAL MediaTel.: +49 345 21 38 90 500E-Mail: info@hal-media.com Das Layout der Website, [&hellip;]<\/p>\n","protected":false},"author":1,"featured_media":0,"parent":0,"menu_order":0,"comment_status":"closed","ping_status":"closed","template":"","meta":{"ocean_post_layout":"full-screen","ocean_both_sidebars_style":"","ocean_both_sidebars_content_width":0,"ocean_both_sidebars_sidebars_width":0,"ocean_sidebar":"0","ocean_second_sidebar":"0","ocean_disable_margins":"enable","ocean_add_body_class":"","ocean_shortcode_before_top_bar":"","ocean_shortcode_after_top_bar":"","ocean_shortcode_before_header":"","ocean_shortcode_after_header":"","ocean_has_shortcode":"","ocean_shortcode_after_title":"","ocean_shortcode_before_footer_widgets":"","ocean_shortcode_after_footer_widgets":"","ocean_shortcode_before_footer_bottom":"","ocean_shortcode_after_footer_bottom":"","ocean_display_top_bar":"default","ocean_display_header":"default","ocean_header_style":"","ocean_center_header_left_menu":"0","ocean_custom_header_template":"0","ocean_custom_logo":0,"ocean_custom_retina_logo":0,"ocean_custom_logo_max_width":0,"ocean_custom_logo_tablet_max_width":0,"ocean_custom_logo_mobile_max_width":0,"ocean_custom_logo_max_height":0,"ocean_custom_logo_tablet_max_height":0,"ocean_custom_logo_mobile_max_height":0,"ocean_header_custom_menu":"0","ocean_menu_typo_font_family":"0","ocean_menu_typo_font_subset":"","ocean_menu_typo_font_size":0,"ocean_menu_typo_font_size_tablet":0,"ocean_menu_typo_font_size_mobile":0,"ocean_menu_typo_font_size_unit":"px","ocean_menu_typo_font_weight":"","ocean_menu_typo_font_weight_tablet":"","ocean_menu_typo_font_weight_mobile":"","ocean_menu_typo_transform":"","ocean_menu_typo_transform_tablet":"","ocean_menu_typo_transform_mobile":"","ocean_menu_typo_line_height":0,"ocean_menu_typo_line_height_tablet":0,"ocean_menu_typo_line_height_mobile":0,"ocean_menu_typo_line_height_unit":"","ocean_menu_typo_spacing":0,"ocean_menu_typo_spacing_tablet":0,"ocean_menu_typo_spacing_mobile":0,"ocean_menu_typo_spacing_unit":"","ocean_menu_link_color":"","ocean_menu_link_color_hover":"","ocean_menu_link_color_active":"","ocean_menu_link_background":"","ocean_menu_link_hover_background":"","ocean_menu_link_active_background":"","ocean_menu_social_links_bg":"","ocean_menu_social_hover_links_bg":"","ocean_menu_social_links_color":"","ocean_menu_social_hover_links_color":"","ocean_disable_title":"on","ocean_disable_heading":"default","ocean_post_title":"","ocean_post_subheading":"","ocean_post_title_style":"","ocean_post_title_background_color":"","ocean_post_title_background":0,"ocean_post_title_bg_image_position":"","ocean_post_title_bg_image_attachment":"","ocean_post_title_bg_image_repeat":"","ocean_post_title_bg_image_size":"","ocean_post_title_height":0,"ocean_post_title_bg_overlay":0.5,"ocean_post_title_bg_overlay_color":"","ocean_disable_breadcrumbs":"default","ocean_breadcrumbs_color":"","ocean_breadcrumbs_separator_color":"","ocean_breadcrumbs_links_color":"","ocean_breadcrumbs_links_hover_color":"","ocean_display_footer_widgets":"default","ocean_display_footer_bottom":"default","ocean_custom_footer_template":"0","footnotes":""},"class_list":["post-2505","page","type-page","status-publish","hentry","entry"],"yoast_head":"<!-- This site is optimized with the Yoast SEO plugin v27.3 - https:\/\/yoast.com\/product\/yoast-seo-wordpress\/ -->\n<title>Impressum - EXTE Schalungzubeh\u00f6r - EXTE GmbH<\/title>\n<meta name=\"robots\" content=\"index, follow, max-snippet:-1, max-image-preview:large, max-video-preview:-1\" \/>\n<link rel=\"canonical\" href=\"https:\/\/www.exte.de\/schalungszubehoer\/impressum\/\" \/>\n<meta property=\"og:locale\" content=\"de_DE\" \/>\n<meta property=\"og:type\" content=\"article\" \/>\n<meta property=\"og:title\" content=\"Impressum - EXTE Schalungzubeh\u00f6r - EXTE GmbH\" \/>\n<meta property=\"og:description\" content=\"Impressum EXTE GmbHIndustriestra\u00dfe 306429 Nienburg (Saale) Vertretungsberechtigte Gesch\u00e4ftsf\u00fchrer:Herr Dan Friedl \/ Herr Markus Giese Telefon: +49 \/3 47 21\/ 401 &#8211; 0Telefax: +49 \/3 47 21\/ 401 &#8211; 99E-Mail: info@exte.de Registergericht: Amtsgericht StendalRegisternummer: HRB 22 238Umsatzsteuer-Identifikationsnummer: DE 815579518 Steuernummer: 116\/105\/10371 Webdesign &amp; Programmierung:HAL MediaTel.: +49 345 21 38 90 500E-Mail: info@hal-media.com Das Layout der Website, [&hellip;]\" \/>\n<meta property=\"og:url\" content=\"https:\/\/www.exte.de\/schalungszubehoer\/impressum\/\" \/>\n<meta property=\"og:site_name\" content=\"EXTE GmbH\" \/>\n<meta property=\"article:modified_time\" content=\"2025-07-03T06:57:59+00:00\" \/>\n<meta name=\"twitter:card\" content=\"summary_large_image\" \/>\n<meta name=\"twitter:label1\" content=\"Gesch\u00e4tzte Lesezeit\" \/>\n\t<meta name=\"twitter:data1\" content=\"2\u00a0Minuten\" \/>\n<script type=\"application\/ld+json\" class=\"yoast-schema-graph\">{\"@context\":\"https:\\\/\\\/schema.org\",\"@graph\":[{\"@type\":\"WebPage\",\"@id\":\"https:\\\/\\\/www.exte.de\\\/schalungszubehoer\\\/impressum\\\/\",\"url\":\"https:\\\/\\\/www.exte.de\\\/schalungszubehoer\\\/impressum\\\/\",\"name\":\"Impressum - EXTE Schalungzubeh\u00f6r - EXTE GmbH\",\"isPartOf\":{\"@id\":\"https:\\\/\\\/www.exte.de\\\/schalungszubehoer\\\/#website\"},\"datePublished\":\"2019-04-09T10:34:02+00:00\",\"dateModified\":\"2025-07-03T06:57:59+00:00\",\"breadcrumb\":{\"@id\":\"https:\\\/\\\/www.exte.de\\\/schalungszubehoer\\\/impressum\\\/#breadcrumb\"},\"inLanguage\":\"de\",\"potentialAction\":[{\"@type\":\"ReadAction\",\"target\":[\"https:\\\/\\\/www.exte.de\\\/schalungszubehoer\\\/impressum\\\/\"]}]},{\"@type\":\"BreadcrumbList\",\"@id\":\"https:\\\/\\\/www.exte.de\\\/schalungszubehoer\\\/impressum\\\/#breadcrumb\",\"itemListElement\":[{\"@type\":\"ListItem\",\"position\":1,\"name\":\"Startseite\",\"item\":\"https:\\\/\\\/www.exte.de\\\/schalungszubehoer\\\/\"},{\"@type\":\"ListItem\",\"position\":2,\"name\":\"Impressum\"}]},{\"@type\":\"WebSite\",\"@id\":\"https:\\\/\\\/www.exte.de\\\/schalungszubehoer\\\/#website\",\"url\":\"https:\\\/\\\/www.exte.de\\\/schalungszubehoer\\\/\",\"name\":\"EXTE GmbH\",\"description\":\"Partner der Bauindustrie\",\"publisher\":{\"@id\":\"https:\\\/\\\/www.exte.de\\\/schalungszubehoer\\\/#organization\"},\"potentialAction\":[{\"@type\":\"SearchAction\",\"target\":{\"@type\":\"EntryPoint\",\"urlTemplate\":\"https:\\\/\\\/www.exte.de\\\/schalungszubehoer\\\/?s={search_term_string}\"},\"query-input\":{\"@type\":\"PropertyValueSpecification\",\"valueRequired\":true,\"valueName\":\"search_term_string\"}}],\"inLanguage\":\"de\"},{\"@type\":\"Organization\",\"@id\":\"https:\\\/\\\/www.exte.de\\\/schalungszubehoer\\\/#organization\",\"name\":\"EXTE GmbH\",\"url\":\"https:\\\/\\\/www.exte.de\\\/schalungszubehoer\\\/\",\"logo\":{\"@type\":\"ImageObject\",\"inLanguage\":\"de\",\"@id\":\"https:\\\/\\\/www.exte.de\\\/schalungszubehoer\\\/#\\\/schema\\\/logo\\\/image\\\/\",\"url\":\"https:\\\/\\\/www.exte.de\\\/schalungszubehoer\\\/wp-content\\\/uploads\\\/2019\\\/07\\\/Exte-Logo-web-1.png\",\"contentUrl\":\"https:\\\/\\\/www.exte.de\\\/schalungszubehoer\\\/wp-content\\\/uploads\\\/2019\\\/07\\\/Exte-Logo-web-1.png\",\"width\":1559,\"height\":567,\"caption\":\"EXTE GmbH\"},\"image\":{\"@id\":\"https:\\\/\\\/www.exte.de\\\/schalungszubehoer\\\/#\\\/schema\\\/logo\\\/image\\\/\"}}]}<\/script>\n<!-- \/ Yoast SEO plugin. -->","yoast_head_json":{"title":"Impressum - EXTE Schalungzubeh\u00f6r - EXTE GmbH","robots":{"index":"index","follow":"follow","max-snippet":"max-snippet:-1","max-image-preview":"max-image-preview:large","max-video-preview":"max-video-preview:-1"},"canonical":"https:\/\/www.exte.de\/schalungszubehoer\/impressum\/","og_locale":"de_DE","og_type":"article","og_title":"Impressum - EXTE Schalungzubeh\u00f6r - EXTE GmbH","og_description":"Impressum EXTE GmbHIndustriestra\u00dfe 306429 Nienburg (Saale) Vertretungsberechtigte Gesch\u00e4ftsf\u00fchrer:Herr Dan Friedl \/ Herr Markus Giese Telefon: +49 \/3 47 21\/ 401 &#8211; 0Telefax: +49 \/3 47 21\/ 401 &#8211; 99E-Mail: info@exte.de Registergericht: Amtsgericht StendalRegisternummer: HRB 22 238Umsatzsteuer-Identifikationsnummer: DE 815579518 Steuernummer: 116\/105\/10371 Webdesign &amp; Programmierung:HAL MediaTel.: +49 345 21 38 90 500E-Mail: info@hal-media.com Das Layout der Website, [&hellip;]","og_url":"https:\/\/www.exte.de\/schalungszubehoer\/impressum\/","og_site_name":"EXTE GmbH","article_modified_time":"2025-07-03T06:57:59+00:00","twitter_card":"summary_large_image","twitter_misc":{"Gesch\u00e4tzte Lesezeit":"2\u00a0Minuten"},"schema":{"@context":"https:\/\/schema.org","@graph":[{"@type":"WebPage","@id":"https:\/\/www.exte.de\/schalungszubehoer\/impressum\/","url":"https:\/\/www.exte.de\/schalungszubehoer\/impressum\/","name":"Impressum - EXTE Schalungzubeh\u00f6r - EXTE GmbH","isPartOf":{"@id":"https:\/\/www.exte.de\/schalungszubehoer\/#website"},"datePublished":"2019-04-09T10:34:02+00:00","dateModified":"2025-07-03T06:57:59+00:00","breadcrumb":{"@id":"https:\/\/www.exte.de\/schalungszubehoer\/impressum\/#breadcrumb"},"inLanguage":"de","potentialAction":[{"@type":"ReadAction","target":["https:\/\/www.exte.de\/schalungszubehoer\/impressum\/"]}]},{"@type":"BreadcrumbList","@id":"https:\/\/www.exte.de\/schalungszubehoer\/impressum\/#breadcrumb","itemListElement":[{"@type":"ListItem","position":1,"name":"Startseite","item":"https:\/\/www.exte.de\/schalungszubehoer\/"},{"@type":"ListItem","position":2,"name":"Impressum"}]},{"@type":"WebSite","@id":"https:\/\/www.exte.de\/schalungszubehoer\/#website","url":"https:\/\/www.exte.de\/schalungszubehoer\/","name":"EXTE GmbH","description":"Partner der Bauindustrie","publisher":{"@id":"https:\/\/www.exte.de\/schalungszubehoer\/#organization"},"potentialAction":[{"@type":"SearchAction","target":{"@type":"EntryPoint","urlTemplate":"https:\/\/www.exte.de\/schalungszubehoer\/?s={search_term_string}"},"query-input":{"@type":"PropertyValueSpecification","valueRequired":true,"valueName":"search_term_string"}}],"inLanguage":"de"},{"@type":"Organization","@id":"https:\/\/www.exte.de\/schalungszubehoer\/#organization","name":"EXTE GmbH","url":"https:\/\/www.exte.de\/schalungszubehoer\/","logo":{"@type":"ImageObject","inLanguage":"de","@id":"https:\/\/www.exte.de\/schalungszubehoer\/#\/schema\/logo\/image\/","url":"https:\/\/www.exte.de\/schalungszubehoer\/wp-content\/uploads\/2019\/07\/Exte-Logo-web-1.png","contentUrl":"https:\/\/www.exte.de\/schalungszubehoer\/wp-content\/uploads\/2019\/07\/Exte-Logo-web-1.png","width":1559,"height":567,"caption":"EXTE GmbH"},"image":{"@id":"https:\/\/www.exte.de\/schalungszubehoer\/#\/schema\/logo\/image\/"}}]}},"_links":{"self":[{"href":"https:\/\/www.exte.de\/schalungszubehoer\/wp-json\/wp\/v2\/pages\/2505","targetHints":{"allow":["GET"]}}],"collection":[{"href":"https:\/\/www.exte.de\/schalungszubehoer\/wp-json\/wp\/v2\/pages"}],"about":[{"href":"https:\/\/www.exte.de\/schalungszubehoer\/wp-json\/wp\/v2\/types\/page"}],"author":[{"embeddable":true,"href":"https:\/\/www.exte.de\/schalungszubehoer\/wp-json\/wp\/v2\/users\/1"}],"replies":[{"embeddable":true,"href":"https:\/\/www.exte.de\/schalungszubehoer\/wp-json\/wp\/v2\/comments?post=2505"}],"version-history":[{"count":27,"href":"https:\/\/www.exte.de\/schalungszubehoer\/wp-json\/wp\/v2\/pages\/2505\/revisions"}],"predecessor-version":[{"id":14948,"href":"https:\/\/www.exte.de\/schalungszubehoer\/wp-json\/wp\/v2\/pages\/2505\/revisions\/14948"}],"wp:attachment":[{"href":"https:\/\/www.exte.de\/schalungszubehoer\/wp-json\/wp\/v2\/media?parent=2505"}],"curies":[{"name":"wp","href":"https:\/\/api.w.org\/{rel}","templated":true}]}}